 -3*(-3)/3 - 1. Let v = -5 + 7. Let i(d) = -36*d**2 + 2*d**3 + 62*d**v - 27*d**2 - 1. Give i(l).
11
Let y = 7082 - 7066. Let w(z) = -z**3 + 20*z**2 - 63*z - 7. Determine w(y).
9
Let a(r) = -2*r + 17. Let i(w) = 55*w + 177. Let x be i(-3). Give a(x).
-7
Suppose -4*j - 25 = -22*z + 19*z, 31 = 5*z - 4*j. Let i(v) be the third derivative of -1/4*v**4 - 2/3*v**z + 0*v - 1/60*v**5 + 0 - 24*v**2. Give i(-6).
-4
Let y(d) = -32*d**3 - 2*d**2 - 558 + 558 + 21*d - 20*d + 0*d**2. Give y(1).
-33
Let c(i) = 2*i**2 + 2*i - 13. Let q(z) = -2*z**2 + 50*z - 92. Let l be q(23). Determine c(l).
-13
Let a(k) = -11*k - 3. Let g be -21*68/(-119) - -1. Let z(s) = 0 - 1 - 1 - 5*s. Let x(t) = g*z(t) - 6*a(t). Calculate x(6).
-2
Let h(g) = 3*g**3 - 12*g**2 + 1. Let k(y) = 4*y**3 - 16*y**2 - y. Let m(w) = -3*h(w) + 2*k(w). What is m(3)?
0
Let p(l) be the second derivative of -8*l**2 - 1/20*l**5 - 9*l + 1/12*l**4 + 0 + 1/6*l**3. What is p(0)?
-16
Let r(d) = 3*d**3 - 2*d**2 + 4*d + 1. Let a(x) = 10*x**3 - 10*x**2 + 12*x + 4. Let h(g) = 2*a(g) - 7*r(g). What is h(-4)?
-15
Let l(v) = v**2 - 3*v + 1. Let w(h) = h**2 + 5*h - 13. Let f be w(-7). Let o be ((-125)/75)/(f/(-3)). Suppose 3*z = 7*p - 3*p - 9, 0 = -p - 2*z + o. Give l(p).
1
Let d(u) be the third derivative of 0 + 0*u + 1/120*u**6 + 44*u**2 + 0*u**4 - 1/6*u**3 + 1/15*u**5. What is d(-4)?
-1
Let o(s) be the second derivative of -s**6/240 - s**5/30 + 47*s**4/4 - 2*s + 32. Let p(w) be the third derivative of o(w). Determine p(-7).
17
Suppose 3 = -c - c + 3*r, -4*r = -4. Suppose 0 = -z - c*z + 2. Let u(h) = 15*h - 41*h + 9*h + 16*h. Calculate u(z).
-2
Let s(c) be the second derivative of c**5/10 - 7*c**4/6 - 4*c**3/3 + 9*c**2/2 + 5938*c. Determine s(7).
-47
Let s(i) = -21*i - 187*i**2 + 382*i**2 - 116 - 196*i**2. Let b be s(-9). Let z(a) = a + 6. Calculate z(b).
-2
Let r(s) = -2250 + 2253 + 4*s - 2*s. Let m(v) = -3*v - 4. Let j(d) = 3*m(d) + 4*r(d). Give j(-1).
1
Let h = 64 - 59. Suppose h*w = -4*m + 7*m - 44, -4*m - w = -28. Let v(b) = -b + 4*b - 9*b**2 - 9 + 5*b - 2*b**3 + 3*b**3. What is v(m)?
-9
Suppose -324*h = -199*h + 250. Let k(l) = -5*l**2 + l + 8. Calculate k(h).
-14
Let v(s) = -9*s**2 + 7*s**2 - 5*s + 4*s**2 - 10 - 8 + 11. Let i = 8 - 4. Suppose -g = y - 7, g = -i*y - g + 24. Determine v(y).
18
Let j = 717 + -712. Let a(r) be the first derivative of -r**4/4 + 2*r**3 - 3*r**2 + 6*r - 67. Determine a(j).
1
Let d(m) = 9*m - 108. Let n(x) = 8*x - 83. Let o(c) = -4*d(c) + 5*n(c). Determine o(-7).
-11
Suppose -r - 4*j - 68 = -2*j, r + 47 = 5*j. Let v = -162 + 103. Let c = v - r. Let k(b) = -2*b - 3. Determine k(c).
-9
Let d(c) = 5*c**2 - 418*c - 105. Let a(r) = -r**2 + 91*r + 26. Let z(j) = -9*a(j) - 2*d(j). What is z(15)?
6
Let g(k) = -14*k**2 - 186*k + 126. Let a(q) = -2*q**2 - 22*q + 1. Let t(i) = 6*a(i) - g(i). Determine t(-29).
-4
Let w = -879 - -537. Let t = w + 347. Let x(k) = -k**3 + 4*k**2 + 2*k - 1. Calculate x(t).
-16
Suppose 0 = 8*l - 217 - 95. Suppose -2*x = -4*t - 52, 0*t = -4*x - 5*t + l. Let c be (1/(-3))/(x/48). Let j(g) = 11*g**3 - g**2 - g - 1. Give j(c).
-12
Let k(x) = -x - 4 - 2 - 2. Suppose 0*t = -3*t - 93. Let c be t/155 + 1/5. What is k(c)?
-8
Let l(j) = -j**2 + j. Let q = 93 + -90. Suppose -n - 3*i + 27 = 0, -q*n - 4*i = -82 - 4. Suppose 5*a + 2*b - n = 0, -b = -5*a - 9 + 24. Calculate l(a).
-12
Let y(v) = -v**3 + 6*v**2 - 2*v - 1. Let p be y(6). Let c(k) = 5*k + 92. Let l(z) = -z - 24. Let j(t) = -c(t) - 3*l(t). What is j(p)?
6
Let q(d) = -11*d**3 - 28*d**2 + 22*d - 26. Let w(a) = 2*a**3 + 2*a**2 - a + 1. Suppose 11 = -4*y - 13. Let r(l) = y*w(l) - q(l). Calculate r(15).
5
Let l(n) = -5*n + 4*n - 3 - 6 - n. Let g be l(-5). Let h(f) = g + f + 1 + 6 - 6. Determine h(-7).
-5
Let b(q) = -6*q**2 - 7*q + 43. Let a(u) = -5*u**2 - 6*u + 36. Let z(p) = 5*a(p) - 4*b(p). Calculate z(-4).
0
Let u(c) = c**3 + 6*c**2 + 2*c + 2. Let k(a) = -5*a**3 - 25*a**2 - 9*a - 8. Let o be (28/15 - 2) + (-2793)/315. Let y(l) = o*u(l) - 2*k(l). Calculate y(4).
-2
Suppose 0 = 22469*s - 22532*s + 173 + 8 + 134. Let j(v) be the first derivative of -v**3/3 + 3*v**2 - v - 1. Give j(s).
4
Let y(z) = -4*z**2 - 1. Suppose 13*k + 1785 = -1218. Let j be 1*1/(-1) + k/(-77). What is y(j)?
-17
Let j(v) = -14*v**2 + 2. Let s(x) = 15*x**2 - 3*x + 2. Let r(w) = j(w) + s(w). Determine r(3).
4
Let x(k) = 6*k**2 + 4*k - 2. Let c(a) = a**3 + 66*a**2 + 68*a + 193. Let i be c(-65). Calculate x(i).
14
Let k(s) be the second derivative of -s**3/6 + 21*s**2/2 - 601*s. What is k(-16)?
37
Suppose 802 = -46*c + 894. Let a(r) be the first derivative of -48 - 5*r - 1/3*r**3 + 5/2*r**c. Calculate a(5).
-5
Suppose 4*p + 7*d + 69 = 2*d, -2*d = p + 18. Let y be 46/(-10) + 327/545. Let g be y - 9/(36/p). Let f(z) = z**3 + 8. Calculate f(g).
8
Let w(c) be the second derivative of 0 - 1/6*c**3 - 4*c**2 + 18*c. Give w(-5).
-3
Let k(l) = -2*l**2 + 17*l - 3. Let c = 5751 + -5743. Determine k(c).
5
Let h(o) = -51*o**2 + 5 + 18*o**2 + 3*o**2 - 8*o + 18*o**2 + 13*o**2. Suppose -3 - 19 = 3*k + z, k + 4 = -2*z. Let a = 0 - k. What is h(a)?
5
Let d = -15 - -14. Let a(c) be the first derivative of 31*c**2/2 + c + 2890. Determine a(d).
-30
Let t(m) = -m**3 - 7*m**2 + 11*m + 19. Let s(n) = n**3 - 20*n**2 + 25*n + 190. Let o be s(18). Determine t(o).
-5
Let d(q) = -8*q**2 - q + 1. Suppose -4*t + 28 = -4*j, -4*t - 1 = -3*j - 26. Suppose -20 = -t*u - 15*o + 11*o, 5*u = -4*o + 22. Give d(u).
-33
Let g(j) = 12*j - 17. Let m(b) = -72*b + 99. Let z(a) = 13*g(a) + 2*m(a). Determine z(7).
61
Let y(m) = 2*m**3 - 3*m**2 - m + 4. Let w(l) = -l**2 + 225*l - 1941. Let a be w(9). Calculate y(a).
28
Let d(m) = m**3 + 16 - 8134*m - 21*m**2 + 8237*m - 7. Calculate d(13).
-4
Let q(i) = -i**3 + 5*i**2 - 4*i + 1. Let j be ((-1320)/18)/(-11) + (-6)/9. Suppose -4*a - 2*h = -j, 3*a - 5*h = 6*a + 6. Give q(a).
7
Let r(l) be the third derivative of 11*l**4/24 - 5*l**3/3 - 2*l**2 - 111*l. What is r(5)?
45
Let t(y) be the first derivative of -y**3/2 + 3*y**2 - 87*y + 101. Let d(v) be the first derivative of t(v). Calculate d(5).
-9
Let u be 9/(-18)*10 - (1 + -12). Let x(a) = -26*a + 17*a + 2 - u + 18*a. Determine x(4).
32
Suppose -29 = -5*i + 4*k, -9*k = 5*i - 6*k - 22. Let x(m) = -3 - 45*m**2 + 89*m**2 - 45*m**2 - i*m. What is x(-2)?
3
Let g(c) = -7*c + 84. Let b(n) = 87*n + 7231. Let t be b(-83). What is g(t)?
14
Let v(p) be the third derivative of p**5/30 - 17*p**4/24 + 19*p**3/6 - 54*p**2. Give v(8).
11
Let r(w) = 5*w + 9. Let l(k) = -4*k - 8. Suppose 185*i - 183*i = 4. Let c(d) = i*r(d) + 3*l(d). Calculate c(-6).
6
Let g(v) = 15 - 15*v - 23*v + 56*v + 3*v**2. Let d be g(-5). Let f(q) be the third derivative of q**4/24 - q**3/3 + q**2. Determine f(d).
-2
Let b(d) = d**3 + 21*d**2 - 51 - 17*d - 36*d - 49*d - 45*d + 99*d. Determine b(-23).
-5
Let b(u) = 4*u**3 - 3*u - 9. Suppose 2*j + 22 = 4*l, -40*l - j + 40 = -25*l. Give b(l).
90
Let n = -56 + 54. Let v be n*(-8 + 3 + 1). Let u(l) = l**3 - 7*l**2 - 7*l + 2. Calculate u(v).
10
Let j(r) = -r**3 - 5*r**2 + r + 7. Let y(b) = 4*b**2 - 70*b. Let z be y(16). Let i(w) = -19*w - 4. Let f be i(-5). Let h = f + z. What is j(h)?
2
Suppose -4*h - 4*u = -56, -u + 4 = -1. Let v be (6 - (h + 1)) + 30 + 1. Suppose v = -23*y + 14*y. Let i(t) = 3*t - 2. Give i(y).
-11
Suppose -38 - 42 = -4*p. Let g = 28 - p. Suppose g*b - 35 = 3*b. Let i(l) = -l**2 + 8*l - 7. Calculate i(b).
0
Let g(m) = -2*m**3 + m**2 + m + 2. Let w(u) = u**2 - 10*u + 18. Let r = -177 - -179. Let h be w(r). Give g(h).
-8
Suppose 5*k - 28 = -18. Let u(w) = -w + 1620 - 1617 + k*w. Calculate u(-4).
-1
Let u(c) be the third derivative of -c**6/120 + c**5/10 + 13*c**4/8 + 4*c**3 - 3278*c**2. Determine u(10).
14
Let n = -9366 - -9371. Let o(y) = -y**2 - 2*y - 5. Calculate o(n).
-40
Suppose 4*h - 15 + 47 = 0. Let w be (h + 1)*(-24)/28. Let f(z) = -9 - 4 - 9 + 48 + 2*z - 27. Calculate f(w).
11
Let g(d) = 5 + 2*d + 0 - 4. Suppose 0 = -86*m + 83*m - 9, 3*y + 3*m + 15 = 0. What is g(y)?
-3
Let m(i) = -i**3 - i**2 + 6 - 3 - 4 + 12*i. Let g = 215 - 216. Let o(p) = p**2 - p + 1. Let y(f) = g*m(f) - 5*o(f). Give y(6).
26
Let q(k) = -k**2 - 15*k - 11. Let d be q(-14). Let g(z) = -7 + 3*z**2 + 9*z**2 - 13*z**2 + d - 19. Give g(0).
-23
Let p(n) = n**2 + 10*n + 25. Let u be p(-6). Let w(z) = 5*z**3 - z**2 